{"id":230,"date":"2025-03-30T17:27:03","date_gmt":"2025-03-30T17:27:03","guid":{"rendered":"https:\/\/www.ecovast.org\/?page_id=230"},"modified":"2025-04-01T15:04:41","modified_gmt":"2025-04-01T15:04:41","slug":"ecovast-management","status":"publish","type":"page","link":"https:\/\/www.ecovast.org\/?page_id=230","title":{"rendered":"ECOVAST Management"},"content":{"rendered":"\n<p>The following members were elected to the ECOVAST Bureau at the ECOVAST Annual Assembly held in Wittenburg, Germany on 18 and 19 October 2019<\/p>\n\n\n\n<h4 class=\"wp-block-heading\">President<\/h4>\n\n\n\n<p>Valerie Carter (United Kingdom) <\/p>\n\n\n\n<h4 class=\"wp-block-heading\">Vice Presidents<\/h4>\n\n\n\n<p>Brigitte Macaria (Austria) <br>Magdalena Banu (Romania) <\/p>\n\n\n\n<h4 class=\"wp-block-heading\"><br>Treasurer, Secretary General &amp; Honorary Auditors<\/h4>\n\n\n\n<p>Treasurer \u2013 Andrea Weigert (Germany) <br>No Secretary General was elected<br>Honorary Auditors \u2013 Ivar Henckel and Peter Thran <\/p>\n\n\n\n<p><\/p>\n\n\n\n<h4 class=\"wp-block-heading\">Executive Commitee (International Commitee)<\/h4>\n\n\n\n<p>1. Brigitte Macaria (Austria)<br>2. Andrea Weigert (Germany)<br>3. Victoria Momeva-Altiparmakovska (North Macedonia)<br>4. Halina \u0141api\u0144ska (Poland)<br>5. Magdalena Banu (Romania)<br>6. Olga Sevan (Russia) \u2020<br>7. Eva Kralova (Slovakia)<br>8. Valerie Carter (United Kingdom)<br>9. Nik\u0161a Bo\u017ei\u0107 (Croatia)<br>10. Csaba B\u00e1lint (Hungary)<br>11. C\u0103lin Hoin\u0103rescu (Romania) \u2020<br><\/p>\n\n\n\n<p><\/p>\n","protected":false},"excerpt":{"rendered":"<p>The following members were elected to the ECOVAST Bureau at the ECOVAST Annual Assembly held in Wittenburg, Germany on 18 and 19 October 2019 President Valerie Carter (United Kingdom) Vice Presidents Brigitte Macaria (Austria) Magdalena Banu (Romania) Treasurer, Secretary General &amp; Honorary Auditors Treasurer \u2013 Andrea Weigert (Germany) No Secretary General was electedHonorary Auditors \u2013 [&hellip;]<\/p>\n","protected":false},"author":1,"featured_media":0,"parent":0,"menu_order":0,"comment_status":"closed","ping_status":"closed","template":"","meta":{"footnotes":""},"class_list":["post-230","page","type-page","status-publish","hentry"],"_links":{"self":[{"href":"https:\/\/www.ecovast.org\/index.php?rest_route=\/wp\/v2\/pages\/230","targetHints":{"allow":["GET"]}}],"collection":[{"href":"https:\/\/www.ecovast.org\/index.php?rest_route=\/wp\/v2\/pages"}],"about":[{"href":"https:\/\/www.ecovast.org\/index.php?rest_route=\/wp\/v2\/types\/page"}],"author":[{"embeddable":true,"href":"https:\/\/www.ecovast.org\/index.php?rest_route=\/wp\/v2\/users\/1"}],"replies":[{"embeddable":true,"href":"https:\/\/www.ecovast.org\/index.php?rest_route=%2Fwp%2Fv2%2Fcomments&post=230"}],"version-history":[{"count":2,"href":"https:\/\/www.ecovast.org\/index.php?rest_route=\/wp\/v2\/pages\/230\/revisions"}],"predecessor-version":[{"id":274,"href":"https:\/\/www.ecovast.org\/index.php?rest_route=\/wp\/v2\/pages\/230\/revisions\/274"}],"wp:attachment":[{"href":"https:\/\/www.ecovast.org\/index.php?rest_route=%2Fwp%2Fv2%2Fmedia&parent=230"}],"curies":[{"name":"wp","href":"https:\/\/api.w.org\/{rel}","templated":true}]}}